ppose 33*i - 12 = 37*i. Let k(x) = -x**3 - 3*x**2 + 2*x. Calculate k(i).
-6
Let c(i) = -2*i**2 - 2*i + 1. Let h be (-1)/(1/(-24)) - 2. Let u be 1/(-1 - 4/(-6)). Let j be u/(-4) - h/8. Determine c(j).
-3
Suppose -3*i - 2*i = 20. Let m = 7 + -13. Let u = i - m. Let q(l) = 2*l**2 - 3*l + 1. Calculate q(u).
3
Suppose 5*q - 3*y = -6, 5*y + 19 = q + 7. Let f(v) = -v**2 - 3*v - 4. Give f(q).
-4
Let x(c) = -c + 5. Suppose -4*w = 3*w - 35. Determine x(w).
0
Let l(c) = c**2 - 5. Let w(t) = t + 1. Let a(n) = -l(n) - 4*w(n). Determine a(-6).
-11
Let c(l) be the second derivative of -3*l**5/20 + l**4/12 + l**3/6 - l. Suppose 2*u - 5*f + f + 2 = 0, 2*f - 3 = 3*u. Determine c(u).
3
Let m(n) = 7*n + 5. Let l(r) = 5*r + 4. Let f(b) = -3*l(b) + 2*m(b). Give f(2).
-4
Let i(p) = p**2 - 4*p + 2. Suppose 4*c + d = 6, 2*d + d - 4 = -5*c. Calculate i(c).
-2
Let t be (-6)/4*(-10)/15. Let y be (-33)/(-9) - t/(-3). Let m(g) = g**3 - 5*g**2 + 2*g + 2. What is m(y)?
-6
Let k(s) = -2*s**3 + s**2. Suppose 5*m - 2*p = 15, 2*m - m - 4*p = 21. Determine k(m).
-1
Let c = 23 - 26. Let y(x) = x + 2. Calculate y(c).
-1
Suppose 5*u = -4 + 39. Let f = u - 5. Let s(a) = -2*a**f + a**3 - 5*a**3 + 3*a**2. What is s(-1)?
5
Let o(a) = a**2 - 6*a - 3. Let i(v) = 2*v. Let r be i(-1). Let g(p) = -6*p**2 + 30*p + 14. Let c(y) = r*g(y) - 11*o(y). What is c(-5)?
0
Let i = -16 - -18. Let t(h) = -h**3 + h**2 + 2*h - 3. What is t(i)?
-3
Let k(v) = 3*v - 4. Let o(r) = r**2 - 7*r - 5. Let b be o(8). Calculate k(b).
5
Suppose -14 = -5*f - 44. Let v(u) = -u - 6. Determine v(f).
0
Let a(k) = -k**3 + 7*k**2 - 5*k - 3. Let j be a(6). Let v(x) = 2*x + 0*x**2 - 3*x**2 + 3*x**3 - 4*x**j. Let r = 15 - 18. Determine v(r).
-6
Suppose -18*a + 24 = -14*a. Let y(c) = c**2 - 6*c - 7. What is y(a)?
-7
Let x = 13 + -8. Let l(v) = v**3 + 5*v**2 - x - 1 - 1. Calculate l(-5).
-7
Let s(r) = r**2 + 2*r - 1. Let y be s(1). Suppose y = -c - 0. Let f(p) = 2*p**2 + 0*p**2 + p + 2 - 3. Calculate f(c).
5
Let f(n) = 2 - 6 - 30*n + n**2 + 27*n. Calculate f(6).
14
Let q(w) be the first derivative of w**3/3 + w**2 + 3*w - 11. Calculate q(-3).
6
Let l(f) = -3*f**2 + 5*f - 2. Let n(d) = -7*d**2 + 11*d - 3. Let t(w) = 5*l(w) - 2*n(w). Calculate t(3).
-4
Let c(f) = 2*f**2 + 5*f**2 + f**3 + 1 + 2 - 3*f**2. Let n(t) = -t**2 - 3*t - 4. Let a be n(-3). Determine c(a).
3
Let j(c) = c**2 + 2*c - 6. Let d(k) = -k + 12. Let b be d(17). Determine j(b).
9
Let b(x) = x**3 - 7*x**2 + 6*x - 5. Let s be (-24)/(3/(-1)) - 2. Calculate b(s).
-5
Let v(o) = 11*o**3 - o + 19*o**2 + 5*o + 11 - 13*o. Let f(w) = 5*w**3 + 9*w**2 - 4*w + 5. Let l(m) = -13*f(m) + 6*v(m). Give l(2).
-7
Let p(v) = 129*v**2 + 124*v**2 - 5*v - 254*v**2 - 4. Calculate p(-6).
-10
Let g(b) = -12*b**3 + 7*b**2 + 7*b - 1. Let f = 14 - 8. Let n(x) = -35*x**3 + 20*x**2 + 20*x - 3. Let h(s) = f*n(s) - 17*g(s). Give h(1).
-5
Let x(a) be the third derivative of a**9/30240 + a**8/10080 - a**7/1680 - a**6/360 + a**5/30 + a**2. Let u(v) be the third derivative of x(v). Calculate u(-2).
-4
Let h(b) = -6*b - 1. Suppose -s = 4*w + 13, s + 2 + 2 = -w. Let v be 28/8 - s/(-2). Suppose v*p + 5 - 2 = 0. Determine h(p).
5
Let j(x) = -x**3 - 55*x**2 - 2*x + 1 + 27*x**2 + 24*x**2. Suppose 5*p + 0*o + 15 = o, -18 = 4*p - 2*o. Give j(p).
-3
Suppose -43 = -4*d + 1. Suppose -5*x - 3*b + 16 = 0, 2*x - 2*b = x + d. Suppose -9 = -x*k - 4. Let a(q) = 2*q + 1. Calculate a(k).
3
Let o(u) = -26*u**3 - 3*u**2 + u - 1. Let p(g) = -25*g**3 - 2*g**2 - 1. Let z(a) = 2*o(a) - 3*p(a). Determine z(-1).
-24
Let f = 0 + 0. Suppose l + 4*l + 25 = f. Let m(i) = i**2 + 7*i + 2. Calculate m(l).
-8
Let b(v) = -v**2 + v + 2. Suppose 4*h + h = 0. Suppose h = -2*q + 4*q. What is b(q)?
2
Let f(i) = -i + 9. Let l(n) be the first derivative of n**3/6 - 2*n + 1. Let s(o) be the first derivative of l(o). Let u be s(4). Calculate f(u).
5
Let l(u) be the second derivative of u**7/630 - u**6/720 + u**4/12 + 2*u. Let y(w) be the third derivative of l(w). Suppose -s - 3*s - 4 = 0. Determine y(s).
5
Let v(s) = 5*s**2 + 1. Let x be 3/4 - 42/24. What is v(x)?
6
Let m(b) = -b**3 - 2*b**2 + b - 2. Let a(o) = -3*o**3 - 5*o**2 + 4*o - 6. Let c(h) = 4*a(h) - 11*m(h). Let x be 3 + (0 + 0)/(-1). Calculate c(x).
4
Let r(c) = c**3 + 11*c**2 + 11*c + 10. Let j be r(-10). Let n(i) = 3*i - 2*i**2 - 2 + j*i + i**2 + i. Calculate n(2).
2
Let f be 66/(-15) - 6/(-15). Let q be 10*(1 + 2/f). Let k(r) be the first derivative of -r**4/4 + 5*r**3/3 + r**2/2 - 5*r + 1. What is k(q)?
0
Let u(z) = 17*z**3 + z**2 - 2*z + 1. Let q be ((-2)/(-4)*-2)/(-1). Determine u(q).
17
Let m(q) = q + 0*q - 373 + 378. Give m(-4).
1
Let b(r) = 2*r + 2. Let p(v) be the second derivative of -2*v + 1/2*v**3 + 1/20*v**5 - v**2 - 1/3*v**4 + 0. Let u be p(3). Calculate b(u).
-2
Suppose 3*t - 5*v = -16, -3*v = -5*t + 3*t - 10. Let k(p) be the second derivative of -p**5/20 - 5*p**4/12 - p**3/2 - p**2 + p. Give k(t).
-8
Let a(b) = -b + 4. Suppose -5*g = -15 - 0. Let n be (9/(-15))/(g/(-15)). Determine a(n).
1
Let i(x) be the second derivative of -4*x - 1/6*x**3 - 9/2*x**2 + 0. Determine i(-7).
-2
Suppose -3*r + 5*l = -20, 0 = 2*r + l - 3*l - 8. Suppose -2*q + 0*q + 8 = 0. Let j(p) = 3*p**3 - 7*p**2 + p - q*p**3 + 8*p**2. Calculate j(r).
0
Suppose g + 4*g - 15 = 0. Let l(b) = 3 + 2*b - g*b + b**2 - 2*b - b. Let o(v) = v**2 - v + 5. Let c be o(0). What is l(c)?
8
Let f(u) be the second derivative of u**3/6 + 3*u**2 - 9*u. Let o be (-1)/1 + 1 + 0. Determine f(o).
6
Suppose -i + 5*i = 4. Let l(u) = -2*u**3 + 7 - 3*u**3 + 7*u - 6*u**2 - 3 + 4*u**3. Let t(n) = n**2 - n - 1. Let s(k) = l(k) + 5*t(k). Give s(i).
-1
Let a(w) = 10*w**3 - 3*w**2 + 3*w - 5. Let b(q) = 10*q**3 - 2*q**2 + 2*q - 4. Let k(l) = 3*a(l) - 4*b(l). Give k(-1).
9
Let j(c) = -c - 1. Let h be j(5). Let f be ((-4)/(-2))/(4/h). Let t(w) = 4*w - 2. Let r(z) = -z. Let u(d) = f*r(d) - t(d). Calculate u(4).
-2
Let l(s) = 3*s**2 - 21*s + 1. Let g(o) = -o**2 + 7*o. Let z(w) = 17*g(w) + 6*l(w). Determine z(4).
-6
Let j(m) = -m + 2. Let y be j(-2). Suppose 2*o + y = 2*l - 0*l, -2*o + 12 = 2*l. Let r(t) = -4*t + 2. What is r(o)?
-6
Let n(y) = y + 2. Let r be n(4). Let z = -55 + r. Let f be 14/z - 30/(-7). Let h(o) = o**3 - 5*o**2 + 6*o - 6. What is h(f)?
2
Let r be 2/4 + 12/(-8). Let y(q) = 11*q**2 + 2*q + 1. Give y(r).
10
Let u(t) be the third derivative of 1/60*t**5 - 1/3*t**3 + 0*t - 3*t**2 + 1/6*t**4 + 0. Suppose -3*z = -7*z - 12. Determine u(z).
-5
Let u = 27 + -22. Let s(q) be the second derivative of q**3/3 + q**2 + 2*q. Let r(h) = -3*h - 3. Let c(a) = -5*r(a) - 8*s(a). What is c(u)?
-6
Suppose -3*p = -p - 6. Let q = -3 + p. Suppose -i + 3*i - 6 = q. Let d(u) = -u**2 + 2*u - 4. Determine d(i).
-7
Suppose -36*n - 24 = -28*n. Let v(r) = -5*r**3 - 3*r**2 + r - 3. Let z(b) = -2*b - 10. Let w be z(-7). Let d(c) = -c**3. Let u(t) = w*d(t) - v(t). What is u(n)?
6
Suppose 0 = m + 2*m - 15. Let u be 31/(-5) + 1/m. Let k(b) = -b - 5. Give k(u).
1
Let d(i) = 5*i**2 + 4*i. Let b(t) = -6*t**2 - 4*t - 1. Let p(l) = 4*b(l) + 5*d(l). What is p(-5)?
1
Let j(z) = 4*z - 1. Let g = -23 + 26. What is j(g)?
11
Let h(v) = -v**3 - v - 8. Let g be h(0). Let i(c) = c + 7. Calculate i(g).
-1
Let x be -3*(-2 - (-55)/15). Let w(o) = -o - 1 - o + 3*o. What is w(x)?
-6
Let b(w) be the first derivative of -w**2/2 + 11*w - 8. What is b(0)?
11
Suppose 3 = -u + 2*r - 7, 5*r = 5*u + 30. Let n = 1 + u. Let t(l) = 6*l**2 + l + 1. Calculate t(n).
6
Let i(v) = v + 3. Let t = -36 - -37. Suppose 4*z + k = -0*k + 40, -4*z - 3*k + 40 = 0. Suppose z + 0 = 2*r + y, -y + t = -r. Give i(r).
6
Let j(i) = -i**2 - 6*i - 3. Suppose 2*z = -z + 18. Let k(w) = 2*w - z + 10 + 5 + 4. Let v be k(-9). What is j(v)?
2
Let k(a) = -4*a**2 + 9*a + 4. Let p(u) = -8*u**2 + 18*u + 8. Let t(v) = -5*k(v) + 3*p(v). Let q(x) = -x**2 + x + 1. Let r(f) = 5*q(f) - t(f). Calculate r(-4).
1
Let y(h) = -h**3 - h. Let x be y(-1). Let b(v) = v**3 - 2*v**2 + v - 2. Let f be b(x). Let o(n) = 4*n + 7 - 5*n + f*n. What is o(4)?
3
Suppose 6*s + 16 + 8 = 0. Let b(t) = -t + 1. Determine b(s).
5
Let g = 3 + -6. Let k = 25 + -27. Let i(r) = 2*r**3 + 2*r + 7. Let u(w) = -w**3 + w**2 - 3*w - 6. Let f(v) = g*u(v) + k*i(v). Give f(-4).
0
Let l(o) = o**3 - 5*o**2 - 2*o + 4. Suppose 3*s = s + 10. What is l(s)?
-6
Let u(x) 